rime factors of i(11)?
2, 3
Suppose 0 = -f + 3*f - 80. Suppose 3*z = v + f, 2*v + 9 = 5*z - 58. List the prime factors of z.
13
Let y = -1 + 5. Suppose 0 = t + 5*p - 14, 0*t + y*p - 20 = -3*t. What are the prime factors of t?
2
Let n(q) = q**2 - q + 4. Let g be n(0). Let l(r) = 6*r + 7. Let o(x) = -7*x - 8. Let y(m) = g*o(m) + 5*l(m). List the prime factors of y(4).
11
Suppose 0 = -m - 0 - 6. Let d(l) = 2 - 3 - 2*l + 0. What are the prime factors of d(m)?
11
Let q = 7 + -5. Suppose -145 = -q*h - 1. Suppose -p + 5*p - 44 = 4*y, 4*p + 3*y - h = 0. List the prime factors of p.
3, 5
Let c = -164 + 305. List the prime factors of c.
3, 47
Let p(q) = -q - 3. Suppose 0 = 2*b - 3*b. Suppose 5*a + 66 - 11 = b. What are the prime factors of p(a)?
2
Let t(b) = b**3 + 5*b**2 + 3*b - 2. Let z be t(-4). Let a = 2 + z. List the prime factors of a.
2
Let t(x) = -x**3 - 4*x**2 + x. Let c be t(-4). Let a = c - -5. Let j = a + 11. List the prime factors of j.
2, 3
Suppose 27*c = 31*c - 276. List the prime factors of c.
3, 23
Suppose -5*y + 5*w = 0, 0*y - 5*y - 4 = -4*w. What are the prime factors of 7*2/y*-6?
3, 7
What are the prime factors of (1/((-3)/(-156)) - -4) + -4?
2, 13
Let t(w) = w + 11. Let s be t(-7). Suppose -s*f + 7 = -37. What are the prime factors of f?
11
Let a(u) = -3*u - 8. Let f(m) = 2*m + 2. Suppose -2*o - 2*o = 16. Let v be f(o). List the prime factors of a(v).
2, 5
Suppose 9*x - 25 = 8*x. Let p = 50 - x. What are the prime factors of p?
5
Let w(m) = 3*m - 2. List the prime factors of w(6).
2
List the prime factors of 104/(-10)*50/(-4).
2, 5, 13
Let c = -6 + 36. List the prime factors of c.
2, 3, 5
Let q(p) = -3*p - 2. Let x be q(-2). Suppose -x*k + 77 + 3 = 0. Let f = k - 12. What are the prime factors of f?
2
Let u = -54 + 24. Let p = 60 + u. List the prime factors of p.
2, 3, 5
Let y = 977 - 607. List the prime factors of y.
2, 5, 37
Suppose -10*h = -8*h + 26. Let p = 34 + h. What are the prime factors of p?
3, 7
Let a(s) = -s**3 + 5*s**2 + 8*s + 2. Let w be a(6). Suppose -w = -3*t - q, 3*t + 0 = 5*q + 2. List the prime factors of t.
2
Let a(q) = 69*q**2 + 2*q - 3. List the prime factors of a(1).
2, 17
Let y = -8 + 16. Let i = -6 + y. List the prime factors of i.
2
Let w be (-8)/14*(-21)/6. Suppose -3*q + 5*q = 4*d + 34, w*q = -3*d + 13. List the prime factors of q.
11
What are the prime factors of 987/(-14)*4/(-6)?
47
Suppose -m + 3*i + 28 = 0, -i - i = 4. Suppose -5*z - 3*y + 2*y + 35 = 0, -4*z - 2*y + 22 = 0. Suppose m = 5*a - z. List the prime factors of a.
2, 3
Suppose -5*c + 8 - 3 = 0. Suppose 0 = 2*d - 11 + c. List the prime factors of d.
5
Let m(k) = -k**2 - 16*k + 23. What are the prime factors of m(-12)?
71
Let a(t) = t**3 + 2. Let d be a(0). Suppose 4*k - d*k = 20. List the prime factors of k.
2, 5
List the prime factors of 36 + 2*(-8)/(-4).
2, 5
Suppose -141 - 264 = -5*v. Let a = -57 + v. What are the prime factors of a?
2, 3
Let m = 28 - 23. Suppose -g = -2*g + m*u + 51, g - u = 51. List the prime factors of g.
3, 17
Suppose -5*r = -51 - 74. What are the prime factors of r?
5
Suppose -4*i + g - 87 = -5*i, 2*i + 5*g = 165. What are the prime factors of i?
2, 3, 5
Let r(j) = -j**3 - 5*j**2 + 2*j + 4. Let f be r(-5). Let g be (-8)/(-3) + 4/f. Suppose 10 = -5*x, g*x + 3 = -w + 5. What are the prime factors of w?
2, 3
Let k be (-372)/48 + (-1)/4. Let s = -33 - -46. Let g = k + s. List the prime factors of g.
5
Let l(m) = -6*m**3 + 2*m**3 - 2*m**2 - 1 + 3*m**3 - m. Let s be l(-2). Let y(g) = 5*g**3 + g**2 - 2*g + 1. List the prime factors of y(s).
5
Let p be 8*3/(6/(-4)). List the prime factors of (1*-3)/(3/p).
2
Suppose -2*r - 50 = -3*r. What are the prime factors of r?
2, 5
Let f = 77 + -27. What are the prime factors of f?
2, 5
Let w = -7 - -107. What are the prime factors of w?
2, 5
Suppose 5*t - 168 = t. What are the prime factors of t?
2, 3, 7
Suppose 0 = -5*b - 4*f - 26, -1 - 3 = -2*b + 2*f. Let j be (-2)/b + (3 - -34). Suppose 0 = -2*i + j - 10. What are the prime factors of i?
2, 7
Suppose f + 4*f + 10 = 0. List the prime factors of 12*(-20)/(-8) + f.
2, 7
List the prime factors of 0 + 0 - (5 + -30).
5
Let u(m) = m**2 - 14*m + 6. Let c be u(9). Let b = c - -57. What are the prime factors of b?
2, 3
Let q(l) be the second derivative of l**4/12 - l**3/3 + l**2 + 2*l. Let m be (-8)/(-4)*6/4. List the prime factors of q(m).
5
Let w(t) = t**2 + 3*t - 3. Let b(n) = -2*n. Let k be b(3). What are the prime factors of w(k)?
3, 5
Let n(a) = a**3 + 0*a**3 + 6 - 3*a**2 - 2*a**2 - 7*a. Let y be n(6). Suppose 22 = 4*r + j, 3*j - 2*j + 2 = y. List the prime factors of r.
2, 3
Suppose -2*s + 9*s - 2317 = 0. List the prime factors of s.
331
Let n = -32 + 68. Suppose -2*z - 2*z + n = 0. What are the prime factors of z?
3
Let y = 44 + -24. List the prime factors of y/1 + (7 - 5).
2, 11
Let x be (2 + -1)/(-2 - -1). Let d = x - -4. Suppose d = 3*o - 15. What are the prime factors of o?
2, 3
Let y(h) be the first derivative of -h**4/4 + 2*h**3/3 + h**2/2 + 1. What are the prime factors of y(2)?
2
Let x(c) be the second derivative of -c**6/360 - c**5/30 + c**4/8 + c**3/3 + c. Let l(y) be the second derivative of x(y). What are the prime factors of l(-3)?
2, 3
Suppose -4*u = -u - 177. Suppose -u = 5*y + 4*x, -8 = 2*y - y - 3*x. Let g(a) = -a**2 - 12*a + 5. List the prime factors of g(y).
2
What are the prime factors of 626/6 - 4/12?
2, 13
Suppose 0 = -9*h + 484 - 160. List the prime factors of h.
2, 3
Let s be ((-2)/3)/(1/(-6)). Suppose -4*u - u + 102 = 3*h, 2*h - 82 = -s*u. What are the prime factors of u?
3, 7
Let x(f) = 2*f**2 + 5*f + 5. Suppose 3*j - j = -12. List the prime factors of x(j).
47
Let q = -8 - -14. Suppose -2 = f - q. Suppose -f*h = -h - 24. What are the prime factors of h?
2
Suppose 26 + 18 = -4*r. Let h = 0 - r. List the prime factors of h.
11
Suppose -6*r + 5*r - 35 = 0. What are the prime factors of 3*(-3 + 4) - r?
2, 19
List the prime factors of 1/(-2) - (-799)/34.
23
Let b = 191 - 110. What are the prime factors of b?
3
Let l = 64 - -30. List the prime factors of l.
2, 47
Suppose -3*i = -2*t - 0*t + 146, -4 = i. List the prime factors of t.
67
Let i(h) be the third derivative of h**5/20 - h**4/24 + h**3/6 + 2*h**2. Let l be i(2). Suppose l + 5 = 4*s. What are the prime factors of s?
2
Let h(r) = -r + 9. Let b be h(6). Let p(a) = -4*a**3 + 4 + a + a**3 + 2*a**b + 0*a. List the prime factors of p(0).
2
Let a(t) be the third derivative of t**3 + 0 - 1/60*t**5 - 5/24*t**4 + 0*t - 2*t**2. List the prime factors of a(-5).
2, 3
Suppose -5 + 28 = -j. Let s = -18 - j. What are the prime factors of s?
5
Suppose -6*u - 69 = -4*i - u, -2*i = -3*u - 37. Let l = i + -7. What are the prime factors of 15/2*l/3?
2, 5
Suppose 3*v + 11 = 110. Suppose o + 5*u = 2*o + 16, 2*o - v = -3*u. List the prime factors of 30/o*(-12)/(-5).
2
Let w(k) = -k**3 - 6*k**2 - 4*k + 5. Let n be w(-5). Suppose n = -0*z + 4*z - 3*x - 165, 0 = -4*z + 5*x + 155. List the prime factors of z.
3, 5
Let b(v) be the second derivative of 5/12*v**4 - 1/6*v**3 - v - 1/20*v**5 + 0 + 0*v**2. List the prime factors of b(4).
2, 3
Let n(m) = -m**3 - 10*m**2 + 11*m - 5. Let c be n(-11). Suppose 15 = 2*b - b. Let t = c + b. What are the prime factors of t?
2, 5
Suppose k + 3*k - 480 = 0. Suppose -16 = -5*w + 9, w = 5*j - k. What are the prime factors of j?
5
Let u(i) = 20*i**2 + 3*i - 25. What are the prime factors of u(3)?
2, 41
Let p(r) = -r**2 - 6*r + 2. Let x be p(-7). Let s(u) = -u**3 - 2*u**2 - u. Let l be s(-1). Let v = l - x. What are the prime factors of v?
5
Suppose -2*b + 22 = -8. List the prime factors of b.
3, 5
Suppose -5*q + 11 - 1 = 0. Suppose -4*k - 32 = -5*j, q*j + k - 24 = -3*k. What are the prime factors of j?
2
Let m(x) = -9*x + 2. Let g be m(-10). Suppose -5*b + 5*n = -b - g, 0 = n. What are the prime factors of b?
23
Let p be 12*((-24)/9 - -3). Suppose -15 + p = l. Let u = l - -22. List the prime factors of u.
11
Suppose -q + 2*q + 10 = 0. Let o be ((-32)/(-6))/((-1)/3). Let t = q - o. List the prime factors of t.
2, 3
Let t = 120 + -27. List the prime factors of t.
3, 31
Let n(q) be the third derivative of 0*q**4 - q**2 + 0 + 1/6*q**3 + 1/12*q**5 + 0*q. List the prime factors of n(-1).
2, 3
What are the prime factors of ((-1554)/(-28))/(6/8)?
2, 37
List